{"id":1655,"date":"2018-05-23T23:18:16","date_gmt":"2018-05-23T22:18:16","guid":{"rendered":"https:\/\/www.le-purple.fr\/site\/?page_id=1655"},"modified":"2018-06-07T02:19:42","modified_gmt":"2018-06-07T01:19:42","slug":"politique-de-confidentialite","status":"publish","type":"page","link":"https:\/\/www.le-purple.fr\/site\/politique-de-confidentialite\/","title":{"rendered":"Politique de confidentialit\u00e9"},"content":{"rendered":"<h1 class=\"page-header-title clr\" style=\"text-align: center;\">Politique de confidentialit\u00e9<\/h1>\n<p>DERNI\u00c8RE MISE \u00c0 JOUR : 07 JUIN 2018<\/p>\n<p>Conform\u00e9ment au R\u00e8glement G\u00e9n\u00e9ral sur la Protection des Donn\u00e9es (General Data Protection R\u00e9gulation) adopt\u00e9 par le Parlement europ\u00e9en le 14 avril 2016 et \u00e0 la Loi Informatique et Libert\u00e9s du 6 janvier 1978 modifi\u00e9e, nous vous informons des points suivants :<\/p>\n<h2>Identit\u00e9 du responsable du traitement<\/h2>\n<p>LE PURPLE \/ LENS DISCO est responsable du traitement des donn\u00e9es collect\u00e9es sur ce site. Pour avoir plus d\u2019informations sur notre identit\u00e9, consultez nos <a href=\"https:\/\/www.le-purple.fr\/site\/mentions-legales\/\">mentions l\u00e9gales<\/a>.<\/p>\n<h2>Finalit\u00e9s du traitement<\/h2>\n<p>La collecte des donn\u00e9es personnelles \u00e0 travers les diff\u00e9rents formulaires pr\u00e9sents sur le site a pour but de :<br \/>\n\u2022 r\u00e9pondre \u00e0 vos demandes exprim\u00e9es via les formulaires de contact<br \/>\n\u2022 vous envoyer par mail nos offres sp\u00e9ciales, nos nouveaut\u00e9s et promotions<br \/>\n\u2022 personnaliser votre interaction avec nos sites, faciliter votre navigation et \u00e9laborer des statistiques d\u2019utilisation du site ;<br \/>\nEn soumettant les formulaires et en cochant la case de consentement, vous donnez express\u00e9ment votre accord pour que les donn\u00e9es \u00e0 caract\u00e8re personnel soient trait\u00e9es pour la finalit\u00e9 de la demande explicit\u00e9e via les formulaires.<\/p>\n<p>La collecte des donn\u00e9es personnelles \u00e0 travers l\u2019outil de suivi d\u2019audience Google Analytics utilis\u00e9 sur le site a pour but de :<br \/>\n\u2022 Analyser le comportement des internautes sur le site afin de pouvoir en mesurer l\u2019audience et am\u00e9liorer le site.<\/p>\n<h2>La pertinence des donn\u00e9es<\/h2>\n<p>LE PURPLE \/ LENS DISCO collecte et traite les donn\u00e9es \u00e0 caract\u00e8re personnel de mani\u00e8re loyale et licite. Les donn\u00e9es collect\u00e9es incluent les cat\u00e9gories suivantes :<br \/>\n\u2022 Identit\u00e9 (ex. : nom, pr\u00e9nom(s), coordonn\u00e9es\u2026) ;<br \/>\n\u2022 Donn\u00e9es de connexion (ex. : cookies\u2026) ;<br \/>\n\u2022 Donn\u00e9es de localisation (ex. : d\u00e9duite de l\u2019adresse IP \u00e0 partir de laquelle vous consultez le site\u2026).<br \/>\nLE PURPLE \/ LENS DISCO veille \u00e0 mettre \u00e0 jour les donn\u00e9es tout au long des traitements afin que ces derni\u00e8res ne soient pas obsol\u00e8tes.<\/p>\n<h2>Destinataires<\/h2>\n<p>LE PURPLE \/ LENS DISCO est destinataire de vos Informations Personnelles. Ni LE PURPLE \/ LENS DISCO, ni l\u2019un quelconque de ses sous-traitants, ne proc\u00e8dent \u00e0 la commercialisation des donn\u00e9es personnelles des visiteurs et utilisateurs de son Site.<\/p>\n<h2>Qui d\u2019autre peut acc\u00e9der \u00e0 vos donn\u00e9es personnelles<\/h2>\n<p>Nous partageons vos donn\u00e9es avec notre partenaires de traitement : <a href=\"http:\/\/www.jereweb.com\">Jereweb<\/a>, ainsi qu&rsquo;un Tiers connect\u00e9s : Google Analytics<\/p>\n<p>Nous travaillons uniquement avec des partenaires de traitement capables d\u2019assurer un niveau ad\u00e9quat de protection de vos donn\u00e9es personnelles. Nous divulguons vos donn\u00e9es personnelles \u00e0 des tiers ou \u00e0 des fonctionnaires lorsque nous sommes l\u00e9galement tenus de le faire. Nous pourrions divulguer vos donn\u00e9es personnelles \u00e0 des tiers si vous y avez consenti ou s\u2019il existe d\u2019autres motifs l\u00e9gaux.<\/p>\n<h2>Dur\u00e9e de conservation<\/h2>\n<p>Vos Informations Personnelles sont conserv\u00e9es par LE PURPLE \/ LENS DISCO uniquement pour le temps correspondant \u00e0 la finalit\u00e9 de la collecte et ne saurait en tout \u00e9tat de cause exc\u00e9der 36 mois. Au-del\u00e0, les Informations Personnelles sont soit supprim\u00e9es soit anonymis\u00e9es.<br \/>\nLes donn\u00e9es collect\u00e9es via les formulaires de contact sont conserv\u00e9es pendant une dur\u00e9e d\u2019un an \u00e0 compter de l\u2019envoi du formulaire.<br \/>\nLes cookies utilis\u00e9s par l\u2019outil de mesure d\u2019audience Google Analytics ont les dur\u00e9es de vie suivantes :<br \/>\n_ga : 2 ans<br \/>\n_gid : 24 heures<br \/>\n_gat : 1 minute<\/p>\n<h2>Confidentialit\u00e9<\/h2>\n<p>Les donn\u00e9es personnelles vous concernant et collect\u00e9es par le site https:\/\/www.le-purple.fr sont uniquement destin\u00e9es \u00e0 l\u2019entreprise LE PURPLE \/ LENS DISCO et seront uniquement exploit\u00e9es dans le cadre de la demande explicit\u00e9e via les formulaires.<br \/>\nEn aucun cas, les donn\u00e9es personnelles saisies et envoy\u00e9es sur les formulaires ne seront transmises, lou\u00e9es ou commercialis\u00e9es \u00e0 des tiers.<\/p>\n<h2>S\u00e9curit\u00e9<\/h2>\n<p>Pour assurer la s\u00e9curit\u00e9 de vos donn\u00e9es personnelles, la totalit\u00e9 des pages du site https:\/\/www.le-purple.fr sont s\u00e9curis\u00e9es par le Protocole SSL de type HTTPS, TLS 1.2 \/ RSA.<br \/>\nC\u2019est un protocole permettant de chiffrer le contenu des \u00e9changes entre le navigateur et les serveurs d\u2019h\u00e9bergement \u00e9vitant ainsi que les donn\u00e9es personnelles saisies et envoy\u00e9es via les formulaires soient intercept\u00e9es par des tiers lors de leur transmission.<\/p>\n<h2>Lieu de stockage<\/h2>\n<p>Les serveurs d\u2019h\u00e9bergement du site https:\/\/www.le-purple.fr sont exclusivement situ\u00e9s en France, au sein de l\u2019Union Europ\u00e9enne. LE PURPLE \/ LENS DISCO s\u2019engage \u00e0 ne proc\u00e9der \u00e0 aucun transfert de donn\u00e9es \u00e0 caract\u00e8re personnel \u00e0 destination d\u2019un \u00c9tat non membre de la Communaut\u00e9 europ\u00e9enne.<\/p>\n<h2>Droit d\u2019acc\u00e8s, de rectification, de suppression et de portabilit\u00e9<\/h2>\n<p>Conform\u00e9ment aux lois et r\u00e8glements en vigueur, notamment le RGPD et la loi Informatique et Libert\u00e9s, vous disposez de droits d\u2019acc\u00e8s, de rectification et d\u2019effacement de vos donn\u00e9es personnelles collect\u00e9es sur le site. Vous disposez \u00e9galement d\u2019un droit \u00e0 la limitation du traitement et d\u2019un droit \u00e0 la portabilit\u00e9 de vos donn\u00e9es personnelles collect\u00e9es sur le site et dans le cadre de notre service de mesure d\u2019audience.<br \/>\nPour exercer ces droits, nous vous invitons \u00e0 nous contacter :<br \/>\n\u2022 par le formulaire de contact<br \/>\n\u2022 en envoyant un courrier recommand\u00e9 \u00e0 LE PURPLE \/ LENS DISCO \u2013 191 route de Lille \u2013 62118 Loison sous Lens\u00a0\u2013 France<\/p>\n<p>Afin de l\u00e9gitimer votre demande, celle-ci doit \u00eatre sign\u00e9e et accompagn\u00e9e de la photocopie de tout titre d\u2019identit\u00e9 valide portant votre signature. Vous confierez \u00e9galement \u00e0 LE PURPLE \/ LENS DISCO vos coordonn\u00e9es afin que nous puissions vous faire parvenir une r\u00e9ponse.<br \/>\nVous pouvez \u00e9galement demander sur le site https:\/\/www.le-purple.fr le t\u00e9l\u00e9chargement et\/ou la suppression de vos donn\u00e9es personnelles depuis la page <a href=\"https:\/\/www.le-purple.fr\/site\/vos-donnees-personnelles\/\">vos donn\u00e9es personnelles<\/a>. Votre adresse mail vous sera demand\u00e9e et servira \u00e0 vous authentifier lors de la demande.<\/p>\n<h2>Droit d\u2019opposition et droit de retrait du consentement<\/h2>\n<p>\u00c0 tout moment, vous pouvez vous opposer ou retirer votre consentement \u00e0 la collecte et au traitement de vos donn\u00e9es \u00e0 caract\u00e8re personnel collect\u00e9es par LE PURPLE \/ LENS DISCO dans le cadre de son service de mesure d\u2019audience via les cookies.<br \/>\nVous pouvez \u00e9galement g\u00e9rer\/supprimer les cookies pr\u00e9sents sur votre ordinateur et les p\u00e9riph\u00e9riques mobiles depuis vos navigateurs. Pour plus de pr\u00e9cision, consultez notre page sur la <a href=\"https:\/\/www.defstudio.com\/politique-dutilisation-des-cookies\/\">politique d\u2019utilisation des cookies<\/a>.<\/p>\n<h2>D\u00e9lais de r\u00e9ponse<\/h2>\n<p>LE PURPLE \/ LENS DISCO s\u2019engage \u00e0 r\u00e9pondre \u00e0 votre demande d\u2019acc\u00e8s, de rectification ou d\u2019opposition ou encore toute autre demande compl\u00e9mentaire d\u2019information dans un d\u00e9lai raisonnable qui ne saurait d\u00e9passer 1 mois \u00e0 compter de la r\u00e9ception de votre demande.<\/p>\n<h2>R\u00e9clamation<\/h2>\n<p>Vous avez le droit d\u2019introduire une r\u00e9clamation aupr\u00e8s d\u2019une autorit\u00e9 de contr\u00f4le si vous consid\u00e9rez que LE PURPLE \/ LENS DISCO ne respecte pas ses obligations au regard de vos Informations Personnelles. En France, l\u2019autorit\u00e9 comp\u00e9tente est la CNIL. Vous pouvez adresser une r\u00e9clamation par voie \u00e9lectronique en cliquant sur le lien suivant : <a href=\"https:\/\/www.cnil.fr\/fr\/plaintes\/internet\" target=\"_blank\" rel=\"noopener\">https:\/\/www.cnil.fr\/fr\/plaintes\/internet<\/a>.<\/p>\n","protected":false},"excerpt":{"rendered":"<p>Politique de confidentialit\u00e9 DERNI\u00c8RE MISE \u00c0 JOUR : 07 JUIN 2018 Conform\u00e9ment au R\u00e8glement G\u00e9n\u00e9ral sur la Protection des Donn\u00e9es (General Data Protection R\u00e9gulation) adopt\u00e9 par le Parlement europ\u00e9en le 14 avril 2016 et \u00e0 la Loi Informatique et Libert\u00e9s du 6 janvier 1978 modifi\u00e9e, nous vous informons des points suivants : Identit\u00e9 du responsable [&hellip;]<\/p>\n","protected":false},"author":1,"featured_media":0,"parent":0,"menu_order":0,"comment_status":"closed","ping_status":"closed","template":"","meta":{"footnotes":""},"class_list":["post-1655","page","type-page","status-publish","hentry"],"yoast_head":"<!-- This site is optimized with the Yoast SEO plugin v27.4 - https:\/\/yoast.com\/product\/yoast-seo-wordpress\/ -->\n<title>Politique de confidentialit\u00e9 - Le Purple<\/title>\n<meta name=\"robots\" content=\"index, follow, max-snippet:-1, max-image-preview:large, max-video-preview:-1\" \/>\n<link rel=\"canonical\" href=\"https:\/\/www.le-purple.fr\/site\/politique-de-confidentialite\/\" \/>\n<meta property=\"og:locale\" content=\"fr_FR\" \/>\n<meta property=\"og:type\" content=\"article\" \/>\n<meta property=\"og:title\" content=\"Politique de confidentialit\u00e9 - Le Purple\" \/>\n<meta property=\"og:description\" content=\"Politique de confidentialit\u00e9 DERNI\u00c8RE MISE \u00c0 JOUR : 07 JUIN 2018 Conform\u00e9ment au R\u00e8glement G\u00e9n\u00e9ral sur la Protection des Donn\u00e9es (General Data Protection R\u00e9gulation) adopt\u00e9 par le Parlement europ\u00e9en le 14 avril 2016 et \u00e0 la Loi Informatique et Libert\u00e9s du 6 janvier 1978 modifi\u00e9e, nous vous informons des points suivants : Identit\u00e9 du responsable [&hellip;]\" \/>\n<meta property=\"og:url\" content=\"https:\/\/www.le-purple.fr\/site\/politique-de-confidentialite\/\" \/>\n<meta property=\"og:site_name\" content=\"Le Purple\" \/>\n<meta property=\"article:publisher\" content=\"https:\/\/www.facebook.com\/lepurple\/\" \/>\n<meta property=\"article:modified_time\" content=\"2018-06-07T01:19:42+00:00\" \/>\n<meta name=\"twitter:card\" content=\"summary_large_image\" \/>\n<meta name=\"twitter:label1\" content=\"Dur\u00e9e de lecture estim\u00e9e\" \/>\n\t<meta name=\"twitter:data1\" content=\"6 minutes\" \/>\n<script type=\"application\/ld+json\" class=\"yoast-schema-graph\">{\"@context\":\"https:\\\/\\\/schema.org\",\"@graph\":[{\"@type\":\"WebPage\",\"@id\":\"https:\\\/\\\/www.le-purple.fr\\\/site\\\/politique-de-confidentialite\\\/\",\"url\":\"https:\\\/\\\/www.le-purple.fr\\\/site\\\/politique-de-confidentialite\\\/\",\"name\":\"Politique de confidentialit\u00e9 - Le Purple\",\"isPartOf\":{\"@id\":\"https:\\\/\\\/www.le-purple.fr\\\/site\\\/#website\"},\"datePublished\":\"2018-05-23T22:18:16+00:00\",\"dateModified\":\"2018-06-07T01:19:42+00:00\",\"breadcrumb\":{\"@id\":\"https:\\\/\\\/www.le-purple.fr\\\/site\\\/politique-de-confidentialite\\\/#breadcrumb\"},\"inLanguage\":\"fr-FR\",\"potentialAction\":[{\"@type\":\"ReadAction\",\"target\":[\"https:\\\/\\\/www.le-purple.fr\\\/site\\\/politique-de-confidentialite\\\/\"]}]},{\"@type\":\"BreadcrumbList\",\"@id\":\"https:\\\/\\\/www.le-purple.fr\\\/site\\\/politique-de-confidentialite\\\/#breadcrumb\",\"itemListElement\":[{\"@type\":\"ListItem\",\"position\":1,\"name\":\"Accueil\",\"item\":\"https:\\\/\\\/www.le-purple.fr\\\/site\\\/\"},{\"@type\":\"ListItem\",\"position\":2,\"name\":\"Politique de confidentialit\u00e9\"}]},{\"@type\":\"WebSite\",\"@id\":\"https:\\\/\\\/www.le-purple.fr\\\/site\\\/#website\",\"url\":\"https:\\\/\\\/www.le-purple.fr\\\/site\\\/\",\"name\":\"Le Purple\",\"description\":\"Discoth\u00e8que \u00e0 Lens (Loison sous Lens - 62)\",\"potentialAction\":[{\"@type\":\"SearchAction\",\"target\":{\"@type\":\"EntryPoint\",\"urlTemplate\":\"https:\\\/\\\/www.le-purple.fr\\\/site\\\/?s={search_term_string}\"},\"query-input\":{\"@type\":\"PropertyValueSpecification\",\"valueRequired\":true,\"valueName\":\"search_term_string\"}}],\"inLanguage\":\"fr-FR\"}]}<\/script>\n<!-- \/ Yoast SEO plugin. -->","yoast_head_json":{"title":"Politique de confidentialit\u00e9 - Le Purple","robots":{"index":"index","follow":"follow","max-snippet":"max-snippet:-1","max-image-preview":"max-image-preview:large","max-video-preview":"max-video-preview:-1"},"canonical":"https:\/\/www.le-purple.fr\/site\/politique-de-confidentialite\/","og_locale":"fr_FR","og_type":"article","og_title":"Politique de confidentialit\u00e9 - Le Purple","og_description":"Politique de confidentialit\u00e9 DERNI\u00c8RE MISE \u00c0 JOUR : 07 JUIN 2018 Conform\u00e9ment au R\u00e8glement G\u00e9n\u00e9ral sur la Protection des Donn\u00e9es (General Data Protection R\u00e9gulation) adopt\u00e9 par le Parlement europ\u00e9en le 14 avril 2016 et \u00e0 la Loi Informatique et Libert\u00e9s du 6 janvier 1978 modifi\u00e9e, nous vous informons des points suivants : Identit\u00e9 du responsable [&hellip;]","og_url":"https:\/\/www.le-purple.fr\/site\/politique-de-confidentialite\/","og_site_name":"Le Purple","article_publisher":"https:\/\/www.facebook.com\/lepurple\/","article_modified_time":"2018-06-07T01:19:42+00:00","twitter_card":"summary_large_image","twitter_misc":{"Dur\u00e9e de lecture estim\u00e9e":"6 minutes"},"schema":{"@context":"https:\/\/schema.org","@graph":[{"@type":"WebPage","@id":"https:\/\/www.le-purple.fr\/site\/politique-de-confidentialite\/","url":"https:\/\/www.le-purple.fr\/site\/politique-de-confidentialite\/","name":"Politique de confidentialit\u00e9 - Le Purple","isPartOf":{"@id":"https:\/\/www.le-purple.fr\/site\/#website"},"datePublished":"2018-05-23T22:18:16+00:00","dateModified":"2018-06-07T01:19:42+00:00","breadcrumb":{"@id":"https:\/\/www.le-purple.fr\/site\/politique-de-confidentialite\/#breadcrumb"},"inLanguage":"fr-FR","potentialAction":[{"@type":"ReadAction","target":["https:\/\/www.le-purple.fr\/site\/politique-de-confidentialite\/"]}]},{"@type":"BreadcrumbList","@id":"https:\/\/www.le-purple.fr\/site\/politique-de-confidentialite\/#breadcrumb","itemListElement":[{"@type":"ListItem","position":1,"name":"Accueil","item":"https:\/\/www.le-purple.fr\/site\/"},{"@type":"ListItem","position":2,"name":"Politique de confidentialit\u00e9"}]},{"@type":"WebSite","@id":"https:\/\/www.le-purple.fr\/site\/#website","url":"https:\/\/www.le-purple.fr\/site\/","name":"Le Purple","description":"Discoth\u00e8que \u00e0 Lens (Loison sous Lens - 62)","potentialAction":[{"@type":"SearchAction","target":{"@type":"EntryPoint","urlTemplate":"https:\/\/www.le-purple.fr\/site\/?s={search_term_string}"},"query-input":{"@type":"PropertyValueSpecification","valueRequired":true,"valueName":"search_term_string"}}],"inLanguage":"fr-FR"}]}},"_links":{"self":[{"href":"https:\/\/www.le-purple.fr\/site\/wp-json\/wp\/v2\/pages\/1655","targetHints":{"allow":["GET"]}}],"collection":[{"href":"https:\/\/www.le-purple.fr\/site\/wp-json\/wp\/v2\/pages"}],"about":[{"href":"https:\/\/www.le-purple.fr\/site\/wp-json\/wp\/v2\/types\/page"}],"author":[{"embeddable":true,"href":"https:\/\/www.le-purple.fr\/site\/wp-json\/wp\/v2\/users\/1"}],"replies":[{"embeddable":true,"href":"https:\/\/www.le-purple.fr\/site\/wp-json\/wp\/v2\/comments?post=1655"}],"version-history":[{"count":6,"href":"https:\/\/www.le-purple.fr\/site\/wp-json\/wp\/v2\/pages\/1655\/revisions"}],"predecessor-version":[{"id":1677,"href":"https:\/\/www.le-purple.fr\/site\/wp-json\/wp\/v2\/pages\/1655\/revisions\/1677"}],"wp:attachment":[{"href":"https:\/\/www.le-purple.fr\/site\/wp-json\/wp\/v2\/media?parent=1655"}],"curies":[{"name":"wp","href":"https:\/\/api.w.org\/{rel}","templated":true}]}}