{"id":509,"date":"2014-03-10T14:59:25","date_gmt":"2014-03-10T13:59:25","guid":{"rendered":"http:\/\/www.le-purple.fr\/site\/espace-membre\/reinitialisation\/"},"modified":"2014-04-07T23:04:29","modified_gmt":"2014-04-07T22:04:29","slug":"reinitialisation","status":"publish","type":"page","link":"https:\/\/www.le-purple.fr\/site\/espace-membres\/reinitialisation\/","title":{"rendered":"R\u00e9initialisation du mot de passe"},"content":{"rendered":"<p>Si vous avez oubli\u00e9 votre mot de passe, vous pouvez le r\u00e9initialiser et votre nouveau mot de passe vous sera envoy\u00e9 par e-mail.<\/p>\n<form name=\"membership-form-password-reset\" id=\"membership-form-password-reset\" action=\"\/site\/wp-json\/wp\/v2\/pages\/509\" method=\"post\" enctype=\"multipart\/form-data\" onsubmit=\"return validate_membership_form_password_reset(this);\">\r\n\r\n<div style=\"text-align: center;\">\r\n<p><label><strong>Votre adresse e-mail ou login :<\/strong><br \/>\r\n<input name=\"membership_form_password_reset_email_address\" id=\"membership_form_password_reset_email_address\" size=\"40\" onblur=\"this.value = kleor_format_email_address(this.value);\" onkeyup=\"this.value = kleor_format_email_address(this.value);\" type=\"email\" \/><br \/>\r\n<span id=\"membership_form_password_reset_email_address_error\" style=\"display: none; color: red;\" class=\"error\"><\/span><\/label><\/p>\r\n<div><input name=\"membership_form_password_reset_submit\" id=\"membership_form_password_reset_submit\" style=\"background-color: #e0c040; border: 1px solid #a08000; border-radius: 4px; box-shadow: 1px 1px 1px #808080; cursor: pointer;\" formnovalidate=\"formnovalidate\" value=\"R\u00e9initialiser\" type=\"submit\" \/><\/div>\r\n<\/div><div style=\"display: none;\"><input type=\"hidden\" name=\"referring_url\" value=\"\" \/><input type=\"hidden\" name=\"membership_form_password_reset_submit\" value=\"yes\" \/><\/div><\/form>\n<p style=\"text-align: center;\"><a href=\"http:\/\/www.le-purple.fr\/site\/espace-membre\/inscription\">S&rsquo;inscrire<\/a> | <a href=\"http:\/\/www.le-purple.fr\/site\/espace-membre\/connexion\">Se connecter<\/a><\/p>\n","protected":false},"excerpt":{"rendered":"<p>Si vous avez oubli\u00e9 votre mot de passe, vous pouvez le r\u00e9initialiser et votre nouveau mot de passe vous sera envoy\u00e9 par e-mail. S&rsquo;inscrire | Se connecter<\/p>\n","protected":false},"author":1,"featured_media":0,"parent":503,"menu_order":8,"comment_status":"closed","ping_status":"closed","template":"","meta":{"footnotes":""},"class_list":["post-509","page","type-page","status-publish","hentry"],"yoast_head":"<!-- This site is optimized with the Yoast SEO plugin v27.4 - https:\/\/yoast.com\/product\/yoast-seo-wordpress\/ -->\n<title>R\u00e9initialisation du mot de passe - Le Purple<\/title>\n<meta name=\"robots\" content=\"index, follow, max-snippet:-1, max-image-preview:large, max-video-preview:-1\" \/>\n<link rel=\"canonical\" href=\"https:\/\/www.le-purple.fr\/site\/espace-membres\/reinitialisation\/\" \/>\n<meta property=\"og:locale\" content=\"fr_FR\" \/>\n<meta property=\"og:type\" content=\"article\" \/>\n<meta property=\"og:title\" content=\"R\u00e9initialisation du mot de passe - Le Purple\" \/>\n<meta property=\"og:description\" content=\"Si vous avez oubli\u00e9 votre mot de passe, vous pouvez le r\u00e9initialiser et votre nouveau mot de passe vous sera envoy\u00e9 par e-mail. S&rsquo;inscrire | Se connecter\" \/>\n<meta property=\"og:url\" content=\"https:\/\/www.le-purple.fr\/site\/espace-membres\/reinitialisation\/\" \/>\n<meta property=\"og:site_name\" content=\"Le Purple\" \/>\n<meta property=\"article:publisher\" content=\"https:\/\/www.facebook.com\/lepurple\/\" \/>\n<meta property=\"article:modified_time\" content=\"2014-04-07T22:04:29+00:00\" \/>\n<meta name=\"twitter:card\" content=\"summary_large_image\" \/>\n<script type=\"application\/ld+json\" class=\"yoast-schema-graph\">{\"@context\":\"https:\\\/\\\/schema.org\",\"@graph\":[{\"@type\":\"WebPage\",\"@id\":\"https:\\\/\\\/www.le-purple.fr\\\/site\\\/espace-membres\\\/reinitialisation\\\/\",\"url\":\"https:\\\/\\\/www.le-purple.fr\\\/site\\\/espace-membres\\\/reinitialisation\\\/\",\"name\":\"R\u00e9initialisation du mot de passe - Le Purple\",\"isPartOf\":{\"@id\":\"https:\\\/\\\/www.le-purple.fr\\\/site\\\/#website\"},\"datePublished\":\"2014-03-10T13:59:25+00:00\",\"dateModified\":\"2014-04-07T22:04:29+00:00\",\"breadcrumb\":{\"@id\":\"https:\\\/\\\/www.le-purple.fr\\\/site\\\/espace-membres\\\/reinitialisation\\\/#breadcrumb\"},\"inLanguage\":\"fr-FR\",\"potentialAction\":[{\"@type\":\"ReadAction\",\"target\":[\"https:\\\/\\\/www.le-purple.fr\\\/site\\\/espace-membres\\\/reinitialisation\\\/\"]}]},{\"@type\":\"BreadcrumbList\",\"@id\":\"https:\\\/\\\/www.le-purple.fr\\\/site\\\/espace-membres\\\/reinitialisation\\\/#breadcrumb\",\"itemListElement\":[{\"@type\":\"ListItem\",\"position\":1,\"name\":\"Accueil\",\"item\":\"https:\\\/\\\/www.le-purple.fr\\\/site\\\/\"},{\"@type\":\"ListItem\",\"position\":2,\"name\":\"Espace membres\",\"item\":\"https:\\\/\\\/www.le-purple.fr\\\/site\\\/espace-membres\\\/\"},{\"@type\":\"ListItem\",\"position\":3,\"name\":\"R\u00e9initialisation du mot de passe\"}]},{\"@type\":\"WebSite\",\"@id\":\"https:\\\/\\\/www.le-purple.fr\\\/site\\\/#website\",\"url\":\"https:\\\/\\\/www.le-purple.fr\\\/site\\\/\",\"name\":\"Le Purple\",\"description\":\"Discoth\u00e8que \u00e0 Lens (Loison sous Lens - 62)\",\"potentialAction\":[{\"@type\":\"SearchAction\",\"target\":{\"@type\":\"EntryPoint\",\"urlTemplate\":\"https:\\\/\\\/www.le-purple.fr\\\/site\\\/?s={search_term_string}\"},\"query-input\":{\"@type\":\"PropertyValueSpecification\",\"valueRequired\":true,\"valueName\":\"search_term_string\"}}],\"inLanguage\":\"fr-FR\"}]}<\/script>\n<!-- \/ Yoast SEO plugin. -->","yoast_head_json":{"title":"R\u00e9initialisation du mot de passe - Le Purple","robots":{"index":"index","follow":"follow","max-snippet":"max-snippet:-1","max-image-preview":"max-image-preview:large","max-video-preview":"max-video-preview:-1"},"canonical":"https:\/\/www.le-purple.fr\/site\/espace-membres\/reinitialisation\/","og_locale":"fr_FR","og_type":"article","og_title":"R\u00e9initialisation du mot de passe - Le Purple","og_description":"Si vous avez oubli\u00e9 votre mot de passe, vous pouvez le r\u00e9initialiser et votre nouveau mot de passe vous sera envoy\u00e9 par e-mail. S&rsquo;inscrire | Se connecter","og_url":"https:\/\/www.le-purple.fr\/site\/espace-membres\/reinitialisation\/","og_site_name":"Le Purple","article_publisher":"https:\/\/www.facebook.com\/lepurple\/","article_modified_time":"2014-04-07T22:04:29+00:00","twitter_card":"summary_large_image","schema":{"@context":"https:\/\/schema.org","@graph":[{"@type":"WebPage","@id":"https:\/\/www.le-purple.fr\/site\/espace-membres\/reinitialisation\/","url":"https:\/\/www.le-purple.fr\/site\/espace-membres\/reinitialisation\/","name":"R\u00e9initialisation du mot de passe - Le Purple","isPartOf":{"@id":"https:\/\/www.le-purple.fr\/site\/#website"},"datePublished":"2014-03-10T13:59:25+00:00","dateModified":"2014-04-07T22:04:29+00:00","breadcrumb":{"@id":"https:\/\/www.le-purple.fr\/site\/espace-membres\/reinitialisation\/#breadcrumb"},"inLanguage":"fr-FR","potentialAction":[{"@type":"ReadAction","target":["https:\/\/www.le-purple.fr\/site\/espace-membres\/reinitialisation\/"]}]},{"@type":"BreadcrumbList","@id":"https:\/\/www.le-purple.fr\/site\/espace-membres\/reinitialisation\/#breadcrumb","itemListElement":[{"@type":"ListItem","position":1,"name":"Accueil","item":"https:\/\/www.le-purple.fr\/site\/"},{"@type":"ListItem","position":2,"name":"Espace membres","item":"https:\/\/www.le-purple.fr\/site\/espace-membres\/"},{"@type":"ListItem","position":3,"name":"R\u00e9initialisation du mot de passe"}]},{"@type":"WebSite","@id":"https:\/\/www.le-purple.fr\/site\/#website","url":"https:\/\/www.le-purple.fr\/site\/","name":"Le Purple","description":"Discoth\u00e8que \u00e0 Lens (Loison sous Lens - 62)","potentialAction":[{"@type":"SearchAction","target":{"@type":"EntryPoint","urlTemplate":"https:\/\/www.le-purple.fr\/site\/?s={search_term_string}"},"query-input":{"@type":"PropertyValueSpecification","valueRequired":true,"valueName":"search_term_string"}}],"inLanguage":"fr-FR"}]}},"_links":{"self":[{"href":"https:\/\/www.le-purple.fr\/site\/wp-json\/wp\/v2\/pages\/509","targetHints":{"allow":["GET"]}}],"collection":[{"href":"https:\/\/www.le-purple.fr\/site\/wp-json\/wp\/v2\/pages"}],"about":[{"href":"https:\/\/www.le-purple.fr\/site\/wp-json\/wp\/v2\/types\/page"}],"author":[{"embeddable":true,"href":"https:\/\/www.le-purple.fr\/site\/wp-json\/wp\/v2\/users\/1"}],"replies":[{"embeddable":true,"href":"https:\/\/www.le-purple.fr\/site\/wp-json\/wp\/v2\/comments?post=509"}],"version-history":[{"count":1,"href":"https:\/\/www.le-purple.fr\/site\/wp-json\/wp\/v2\/pages\/509\/revisions"}],"predecessor-version":[{"id":579,"href":"https:\/\/www.le-purple.fr\/site\/wp-json\/wp\/v2\/pages\/509\/revisions\/579"}],"up":[{"embeddable":true,"href":"https:\/\/www.le-purple.fr\/site\/wp-json\/wp\/v2\/pages\/503"}],"wp:attachment":[{"href":"https:\/\/www.le-purple.fr\/site\/wp-json\/wp\/v2\/media?parent=509"}],"curies":[{"name":"wp","href":"https:\/\/api.w.org\/{rel}","templated":true}]}}